- b = -30. Let d be (-1)/(-1*(-2)/b). Give r(d).
3
Let k be (-4)/6 - (-8)/12. Let c(t) = -2*t**2 + t + k*t - t**2. Determine c(-1).
-4
Let a(s) = 6*s + 1. Let m(r) = 3*r + 1. Let t(k) = 3*a(k) - 5*m(k). Let j be t(2). Let v(b) = -3*b + 0 - j + 5 + 2*b**2. Determine v(3).
10
Let b(q) = -3*q**2 + q - 1. Suppose 0 = -k + 2*k - 1. Let r be b(k). Let s(z) = -z**2 - z + 3. Give s(r).
-3
Suppose 4*o - 3 = 5. Let i be (-8)/4 - (0 + o). Let s(x) = x**2 - x. Let b(v) = v**2 - 6*v - 2. Let r(m) = -b(m) + 2*s(m). Give r(i).
2
Suppose -n = 4*n. Suppose n*m + 25 = 5*m. Let j(y) be the second derivative of -y**4/12 + y**3 - y**2/2 - 2*y. Give j(m).
4
Let x be 1/(7/(-3) + 2). Let b(g) be the third derivative of 0 + 1/12*g**4 + 0*g + 1/20*g**5 + 1/120*g**6 + 1/6*g**3 + 2*g**2. Give b(x).
-5
Let x = -11 - -15. Let t = -2 + x. Let f(j) = 14*j**2 - j + 9. Let c(q) = -5*q**2 - 3. Let n(p) = 11*c(p) + 4*f(p). Calculate n(t).
-1
Suppose 21*z - 22*z = -2. Let f(v) be the second derivative of -z*v + 1/2*v**2 + 0 - 1/6*v**3. Determine f(-5).
6
Let u(s) = -s + 12. Let m(d) = -d**2 - d - 1. Let z(n) = -7*n**2 - 2. Let g(t) = 4*m(t) - z(t). Let p be g(4). Suppose 3*k + 12 = p. What is u(k)?
6
Let k(g) = 0 - 2*g - 3 + 0 - 4. Let j be k(-5). Let y(o) = o**3 - o**2 - 4*o - 1. Calculate y(j).
5
Let q be (-3)/2 - 30/(-4). Let i(s) = -s**2 + 8*s - 3. Give i(q).
9
Let a(j) = 4*j + 1. Suppose -4*y = 2*i - 10, -3*i - 25 + 10 = 0. Let o = y + -4. Calculate a(o).
5
Let v = -26 - -23. Let g(y) = -2*y - 2. Calculate g(v).
4
Let i(n) = 4*n**2 - 5*n + 4. Let w(a) = -a**2 + a - 1. Let u(b) = i(b) + 3*w(b). Determine u(1).
0
Let s be (0 - -1) + 6/2. Suppose s*t - 4*w = -0*t + 8, 4*t - 5*w = 5. Let o(c) = -c + 7. Give o(t).
2
Suppose -5*o - 5*n + 10 = -0*n, n = -2*o - 1. Let b(k) be the first derivative of k**3/3 + 3*k**2 - k - 8. Give b(o).
-10
Let o(m) = -4*m + 22. Let x(b) = b - 8. Let k(h) = 3*o(h) + 8*x(h). Suppose 0 = 4*i - 3*a + 7, -4 - 4 = i - 2*a. Give k(i).
-6
Let s(i) = i + 15. Let r be s(-13). Suppose -l = r*l. Let n(h) be the second derivative of h**4/12 - h**3/6 - 5*h**2 + h. Determine n(l).
-10
Let i = 45 - 45. Let u(w) = -w**3 + w**2 - w + 4. Determine u(i).
4
Let z(i) be the third derivative of i**5/60 + i**4/24 - 8*i**3/3 - 13*i**2. Give z(0).
-16
Let y(t) = t**3 - 13*t**2 + 2*t - 23. Let m be y(13). Let w(i) = -i**2 + i + 2. Give w(m).
-4
Let x(f) = f**2 + f - 8. Let i(s) = s**3 + s**2 - s + 2. Let b(r) = -r + 4. Let j be b(6). Let o be i(j). Determine x(o).
-8
Let i(r) = -7*r**2 - 10. Let z(q) = q**2 - q + 1. Let t(m) = i(m) + 6*z(m). Give t(-4).
4
Let n(x) be the third derivative of -5*x**4/12 + x**3/6 - 12*x**2. Calculate n(1).
-9
Let c be ((-2)/3)/((-3)/9). Let x(w) = 1 - 2*w + w**c + w - 5*w. Calculate x(5).
-4
Let c(r) = 2*r**3 - 5*r**2 - r - 1. Let k(s) = s**3 + s - 1. Let q(m) = c(m) - k(m). Suppose -3*a + 6 + 9 = 0. Calculate q(a).
-10
Let c(h) = -h**2 - 2*h. Let o be 2 + (-6)/3 + 10. Suppose -10 = -5*s, o = -w + 2*s + 2*s. Calculate c(w).
0
Let z(n) be the first derivative of -n**5/60 - n**4/12 + n**3/3 - 1. Let m(c) be the third derivative of z(c). What is m(2)?
-6
Let i(r) be the second derivative of 1/6*r**3 - r + 0*r**2 + 0 + 1/12*r**4. Determine i(-2).
2
Let a(f) be the second derivative of -f**4/3 - 2*f**3/3 + f. Let c be (0 - -2 - 2) + -4. Let n(t) = -3*t**2 - 3*t. Let l(d) = c*a(d) + 5*n(d). Calculate l(-3).
6
Let g(h) = 1 + h**2 + 3 - 4*h - 2*h. Calculate g(6).
4
Let t(v) = -2*v. Let h be t(-5). Suppose -6*m - 7 = -2*m - y, 5*m - y + h = 0. Let n(w) be the first derivative of w**3/3 + w**2/2 + 2*w + 61. Determine n(m).
8
Let k(a) = -2*a + 2*a - 2 + 6*a - 5*a. Give k(0).
-2
Let j = 33 + -39. Let s(u) = u**3 + 6*u**2 - u - 3. What is s(j)?
3
Let v(n) = n + 2. Suppose -1 = c, 7 = -j - 0*j - 3*c. Give v(j).
-2
Let g(x) = 2*x**3 - 3*x**2 + 2. Suppose -1 - 3 = -2*q. Calculate g(q).
6
Let d(f) = -f + 4. Let a be ((-7)/2)/(1/(-2)). Let u be d(a). Let m = u + 6. Let q(l) = l**3 - 4*l**2 + 4*l - 3. What is q(m)?
0
Let s be (5 + -4)*(-2 + 4). Let t(l) = s*l + l**2 + 3*l + 4 - 2*l**2 - 3*l. Calculate t(3).
1
Let z(n) = -n. Let v be (0 - -7)*2/7. Suppose 4*o = -m - 19, 4*m + 11 = -5*o + v*o. Determine z(m).
-1
Let r(x) be the first derivative of 3*x**2 + 5. Calculate r(-2).
-12
Suppose 4*u + 0*u = 8. Let g(i) = i**2 - 2*i - 1. Let y be g(3). Let n(p) = y - 5 - 2*p + u. Give n(-4).
7
Let b(f) = f**3 - 2*f**2 - 10*f - 6. Let d(o) = o**2 + o. Let m(i) = -b(i) - 6*d(i). Let c(p) = -p**2 - 6*p - 5. Let j be c(-6). Give m(j).
11
Suppose 5*x + 5*y - 26 + 6 = 0, -3*x + 4*y + 5 = 0. Let i = x + -8. Let w(q) = -q**3 - 6*q**2 - 4*q + 1. Calculate w(i).
-4
Let c(o) = -o - 2. Let k(u) = u + 3. Let d(j) = 7*c(j) + 6*k(j). Calculate d(4).
0
Suppose -5*q = -0*q + 20. Let x(y) = -6 + 1 - 5*y + y. What is x(q)?
11
Let l(d) = 4*d**2 + 4*d - 3. Let h(i) = i**2 + i. Let r(n) = 3*h(n) - l(n). What is r(0)?
3
Let n(b) be the third derivative of -b**6/120 - b**4/24 - 4*b**3/3 - b**2. Give n(0).
-8
Suppose 5*l - 16 = 4. Let o(h) = 4 + h**3 + 0 - 4*h**2 + 0*h**3. What is o(l)?
4
Let q(b) = -b**2 + 5*b - 4. Let g be (-2)/10 + (1 - 33/(-15)). What is q(g)?
2
Let l(n) = n - 4. Suppose -2*o - 2*o + 72 = 0. Let z be 4/o + 2/(-9). What is l(z)?
-4
Let s(f) = f**3 - f**2 + f - 2. Let u = -20 + 13. Let z = 10 - 3. Let c = u + z. Calculate s(c).
-2
Let n(r) = -15227*r - r**3 + 0*r**3 + 5*r**2 + 15221*r. Let d = -7 - -11. Give n(d).
-8
Let i(n) = 4*n**2 + 4*n - 8*n + 2 + n**3 - 2 + 1. What is i(-5)?
-4
Let s(o) = -2*o**2 + 6*o + 19. Let q(m) = -m**2 + 3*m + 9. Let j = -14 - -11. Let n(x) = j*s(x) + 7*q(x). Let b be ((-5)/2)/(1/(-2)). Determine n(b).
-4
Let x be 12 - (1 + -2 + -1). Suppose 2*c + 11 = -z, -2*c - 2*z - 2*z = x. Let s(g) = -1. Let o(l) = 2*l + 7. Let h(r) = -o(r) - 2*s(r). Determine h(c).
5
Let f be ((-200)/16)/((-2)/8). Suppose 0 = -2*j + 2*i + 4, 5*j + 4*i = -i + f. Let r(u) = -u**2 + 4*u + 6. What is r(j)?
-6
Suppose 0 = 4*u - 3*g - 1 - 7, -2*g - 2 = -u. Let z(x) = 4*x - 2 + 3*x**2 + x**3 - 3*x + 4*x**u - 3*x**2. What is z(-2)?
4
Let b = -51 + 53. Let p(a) = -3 - 4*a**2 - 2*a**3 + 3*a**3 + 4*a + 0*a**3. What is p(b)?
-3
Let b be (-4)/(-6) - (-35)/(-21). Let p(u) = -u**2 - 8*u - 9. Let h be p(-6). Let z(t) = -3 + 6*t - h + 6 + 1. What is z(b)?
-5
Let d(s) be the second derivative of s**5/20 + s**3/6 + 3*s**2 + s. Let g = 5 + -7. Let v be g/(-5) + 4/(-10). Give d(v).
6
Let t(n) = -n - 2. Let c(o) = o**2 + 3*o + 2. Let q be c(-4). Suppose -b = 3*f + 13, q*f + b = f - 23. Determine t(f).
3
Let m(z) be the first derivative of -z**2/2 - 3. Let x(h) = h. Let k(f) = -2*m(f) - 3*x(f). Determine k(0).
0
Let a(k) be the third derivative of k**6/120 - k**5/15 + k**4/8 - 2*k**3/3 - 7*k**2. Give a(3).
-4
Let f(i) = -8*i**2 + 8 + 2 + 10*i - i**3 - 5. Calculate f(-9).
-4
Let x be 11/(-5) - 1/(-5). Let i = x - -4. Let z(g) = 0*g**2 - 3*g**2 + 2*g**3 + 8*g**2 + 2*g - 2*g**2 + i. Calculate z(-2).
-6
Let m(p) = p + 1. Let j be 1*(-1)/(-4)*4. Calculate m(j).
2
Suppose 40*g + 21 = 47*g. Let a(l) be the third derivative of -l**6/120 + l**5/20 + l**3/2 - l**2. Calculate a(g).
3
Let b(r) = -r. Let w(x) be the second derivative of -x**4/12 + 5*x**3/6 - 3*x**2/2 + x. Let m be w(3). Determine b(m).
-3
Let j(n) = n**2 - 5*n + 10. Let l be (-30)/12*(-14)/5. Let f(a) = -a**2 + 5*a - 9. Let k(y) = l*f(y) + 6*j(y). Determine k(5).
-3
Let r be (8/(-24))/((-1)/3). Let n(x) = 2*x - 1. Determine n(r).
1
Let m(n) = 6*n - 3. Let u(f) = -1. Let k(o) = -m(o) + 2*u(o). What is k(3)?
-17
Let t(h) = -h**3 + 3*h**2 + 2. Suppose -r = -3*r - 4, -5*r = -5*c + 25. Give t(c).
2
Let q(l) = 4*l**3 - l**2 - l + 1. Let u be q(1). Let i = 7 - u. Let g(s) = 3*s**2 + 6*s - 4 + 0 - s - s**3. Give g(i).
0
Let q(v) be the second derivative of 3*v**5/20 - v**2/2 - 4*v. Give q(-1).
-4
Let g(n) = 3*n. Suppose 2 = -2*p - 2. Let b be 3*(p - 64/(-6)). Suppose 32 = -4*c + 4*i, 4*c - 4*i = 2*c - b. Give g(c).
-9
Let c(w) = -2*w**2 + w + 4. Let r be (-38)/(-14) - 4/(-14). Determine c(r).
-11
Let v(t) = -2*t + 2. Let a be v(2). Let i(q) = -1. Let o(z) = 4*z + 6. Let w(n) = 3*i(n) + o(n). Determine w(a).
-5
Let g(r) = r**3 - r + 9. Let u be 1/(1 + 12/(-15)). Suppose 0 = 5*n + u*z - 20, 5*z - 20 = 2*n - 0. Determine g(n).
9
Let v(n) = -4*n**3 + 1 - n